3*m**4/4 - m**3/3 - 3*m**2/2 + 2*m + 790. Determine a(-2).
-20
Let o = 141 + -139. Let k(i) = -3*i**2 - i - 2. Calculate k(o).
-16
Let q(y) = y**3 + 9*y**2 + 8*y + 1. Suppose -78 - 18 = 12*c. Determine q(c).
1
Let f(m) = m**3 - m**2 + 2*m - 1. Let i = -12 - 3. Let a = 17 + i. Suppose s - a*s + 1 = 0. Determine f(s).
1
Let n(y) be the second derivative of y**4/6 + 11*y**3/6 - 7*y**2/2 - 11*y. Let l be n(-6). Let r(p) = 4*p**2. Give r(l).
4
Suppose -4*y - 20 = -q + 5, -5*q - 3*y + 10 = 0. Let k(p) = 12*p - 2. Let j(d) = -6*d + 1. Let m(x) = q*j(x) + 2*k(x). Let f = 160 - 161. Calculate m(f).
7
Let a(y) = y**2 - 4*y + 9. Let j(p) = -3*p**2 + 13*p - 27. Let f(u) = 8*a(u) + 3*j(u). Let b be -2 + 2 + 0 + 6. Calculate f(b).
-3
Let v(l) be the second derivative of l**4/6 - 8*l**3 - 7*l**2/2 + 574*l. What is v(24)?
-7
Let g be 9/(-6)*(-6)/9. Let v(l) = 3*l**3 - 2*l**2 + 5*l - 4. Let p(w) = w - 1. Let f(a) = g*v(a) - 6*p(a). Give f(-2).
-28
Let a(j) be the second derivative of -j**4/12 + 2*j**3/3 + 4*j**2 + 71*j. Let b be ((-7)/(-2))/(1/2). Give a(b).
-13
Suppose y = 3*n + 20, -7 = 4*y + 5*n - 2. Suppose y*u = 9*u + 8. Let b be (9 + u)*48/(-56). Let r(k) = -k**2 - 6*k - 6. Calculate r(b).
-6
Let l = 38 - 23. Suppose -18*a - l = -15*a. Let b(s) = -s**3 - 5*s**2 - s + 2. Determine b(a).
7
Let h be (-1 - -6) + 5/25*0. Let d(f) be the third derivative of -1/60*f**h + 0*f - 5/6*f**3 + 0 + 2*f**2 - 5/24*f**4. Calculate d(-4).
-1
Let p(z) be the first derivative of -z**3/3 + 5*z**2 - 35*z + 40. Let v be p(5). Let l(q) = -q - 19. Determine l(v).
-9
Let t = -46 + 24. Let o = t + 20. Let p(a) = 3*a. What is p(o)?
-6
Let l = -19 + 22. Suppose 0 = 3*m - 2*z + 5, -2*m + 16 = 4*z - 2. Let b(u) = 3*u**2 + 4*u - 2*u**2 + u**l + 0 + m + 4*u**2. Determine b(-4).
1
Let s = -68 + 72. Let a be ((-9)/12 - 0/(-2))*s. Let l(b) = -b - 1. Calculate l(a).
2
Let d(a) = -a + 6. Let n be d(6). Let f be (-3 - (3 - n))/(-1). Let j(p) = -3*p + 4*p - 9 + 0*p + 0*p. What is j(f)?
-3
Let f(k) = 7*k + 16. Let r(m) = 19*m + 47. Let q(y) = -8*f(y) + 3*r(y). Calculate q(-12).
1
Let k(f) = -f**2 + f + 20. Suppose 0 = -h + 3*d - 9, -22 = -3*h + h - 4*d. Suppose 3*s = -2*b - 2, -3*s + 0*b = -h*b - 3. Calculate k(s).
20
Let x(j) = -2*j**3 + 3*j**3 - 169*j - j**2 + 8*j**2 + 175*j - 7. Let s(o) = o**3 - 6*o - 1. Let k be s(-3). Let t be -9*(k/15)/(-1). Determine x(t).
-7
Let y(k) = k**2 + 2*k + 5. Let r(b) = -b**2 + 10*b - 3. Let x be r(10). Determine y(x).
8
Let n = 11 + -6. Let w(m) be the first derivative of -m**4/12 + m**3/3 + 7*m**2/2 + 10*m - 2. Let l(k) be the first derivative of w(k). Give l(n).
-8
Let b(t) = -t**3 - 5*t**2 + 5*t - 9. Let k be 0 + -17 + (-264)/(-24). Determine b(k).
-3
Let i be 1 - (2 - -2) - -3. Suppose 5*h + i*h - 4*x - 5 = 0, 5*h = -4*x - 35. Let p(n) = -4*n**2 + 0 + 3*n**2 - 3 - 4*n. Determine p(h).
0
Let x(y) = -y**2 + y. Suppose -13 = -5*c + u, 2*u + 16 = 5*c - 0. Let d be c/(8/(-6))*-14. Suppose d = -5*n + 6. Determine x(n).
-12
Let a(y) = y - 1. Let q = 14 - 17. Let h = 0 - 4. Let n = h - q. Calculate a(n).
-2
Let v(m) = -m**3 + 5*m**2 + m. Suppose 12 = 4*c - 0*c. Suppose -c*q - q + 8 = 0. Suppose -3*x + 12 = -5*y - 18, -q*x + 2*y + 16 = 0. Calculate v(x).
5
Let u(y) = -9*y**3 - 19*y**2 + 56 - 43 + 17*y + 10*y**3. Calculate u(18).
-5
Let c be 9/2 + (-10)/(-20). Let h(b) be the second derivative of -5/2*b**2 - 1/20*b**5 + 6*b + 0 + 0*b**3 + 5/12*b**4. Determine h(c).
-5
Let h(m) = 2*m**2 + 25*m + 19. Let b(t) = t**2 + 13*t + 10. Let c(o) = -11*b(o) + 6*h(o). Suppose 2*k - 6*k = 184. Let a = 40 + k. Determine c(a).
-2
Let g(f) = f**2 - 4*f + 10. Let v be ((-3)/(-24)*-4)/(2/(-28)). Determine g(v).
31
Let x(o) be the third derivative of o**6/120 - o**5/12 - 7*o**4/24 - 5*o**3/6 - 6*o**2. Suppose 0 = -2*y, 9*y - 12 = -2*j + 4*y. What is x(j)?
-11
Let m = 6 + -5. Let w be (-2 - 0) + 4*m. Suppose -w*a - 1 = -a. Let h(y) = 5*y**2 - 1. What is h(a)?
4
Suppose 1 = -2*s - s + 4*d, 5*s = -2*d + 7. Let a be (-1 + -4)*2/1. Let k be -5*(s + 12/a). Let b(u) = 10*u + 1. Give b(k).
11
Let a(i) = -i**2 + 7*i - 9. Let f = -24 + 24. Suppose f = -5*z - 3*n + 29, 22 = 2*z - 4*n - 0*n. Determine a(z).
-9
Let r be 1*(0 - 3) + 7. Suppose -4*c - r*v = -36, 5*v - 5 = 4*c - c. Let m(z) = 7 + z - 6 + 0. What is m(c)?
6
Suppose 270 = 8*w - 14*w. Let k be ((-94)/30 - 6/w) + -4. Let x(a) = a**2 + 8*a + 9. Give x(k).
2
Let t(c) = 2*c**2 - 2*c - 1. Let m(h) = -h**2 + 2*h + 2. Let x be m(-1). Let a(d) = d**3 - d**2 + 1. Let z be a(x). What is t(z)?
3
Let y(b) = -90 - 3*b**2 + 45 + 44. Let n = 1 + 0. Suppose n = 3*u + 4. Calculate y(u).
-4
Let u(k) = 2610 - k - 10*k**2 - k - 2603. Let z(h) = 9*h**2 + 2*h - 6. Let t(b) = -5*u(b) - 6*z(b). Give t(-2).
-11
Suppose 0 = x + 3*x. Suppose 7*j - 3 = 4. Let q(l) = l + x*l + j - 2. Calculate q(-4).
-5
Let c(z) be the third derivative of -z**4/8 - 5*z**3/6 + 9*z**2. Let v be c(-3). Let l(y) = -6 + y + 0 + v. Calculate l(-5).
-7
Let m(k) = -2*k - 11. Let j(q) = q**3 - 7*q**2 + 3*q + 15. Let x be j(6). Give m(x).
-5
Let y(r) = -2*r**2 - r + 9. Let h(g) = g**2 + g - 5. Let l(x) = 5*h(x) + 3*y(x). Let t(o) = -o. Let v(m) = l(m) + 2*t(m). Determine v(2).
-2
Let n be (4 + -7)*(-5)/3. Suppose 19 = 3*g - 11. Suppose -4*p = -w + 6*w - g, -n*w = -5*p - 10. Let d(c) = c + 2. What is d(w)?
4
Let m(d) = -5*d**3 - 28*d**2 + 52*d - 7. Let l(q) = q**3 + 7*q**2 - 13*q + 2. Let v(u) = -9*l(u) - 2*m(u). Determine v(4).
0
Let r be (324/(-8))/9*(-6)/9. Let d(n) be the second derivative of n**5/20 - n**4/4 + n**3/3 + 2*n. Give d(r).
6
Let j = -26 + 36. Suppose 5*g + j + 15 = 0. Let h(u) = -u**3 - 2*u**2 + u + 6. Let f(i) = -i**3 - 3*i**2 + 2*i + 5. Let c(t) = 3*f(t) - 2*h(t). Calculate c(g).
-17
Let y(r) = r**3 + 6*r**2 + 5*r + 1. Let f = -1 + 5. Let t = -7 + 9. Suppose t*j = -3*a - 12, -2*j - f = a - 7*j. Give y(a).
13
Let t be (4*8/(-128))/((-2)/(-8)). Let i(k) = 11*k**2 - k. Give i(t).
12
Let y = 37 - 33. Suppose -9*t + 4*t = w - 32, 8 = y*w. Let k(x) = -x - 4. Calculate k(t).
-10
Let j(q) be the first derivative of -3*q**2/2 + q - 184. Calculate j(-5).
16
Let h(c) = -c + 4. Let p = 58 + -26. Let m be p/4 + -2 + -1. Let z be h(m). Let y(n) = 4*n**2 - n. Give y(z).
5
Suppose 5*t = -19 + 29. Let z be ((-30)/25)/(t/10). Let f(h) be the first derivative of h**2 + 5*h - 8. Determine f(z).
-7
Let u = 7 - 8. Let q(h) = 18*h**3 + h**2 + h + 1. Let x be q(u). Let f = 12 + x. Let s(c) = -c**2 - 5*c + 1. Calculate s(f).
1
Let r(g) = g - 14. Let j = 1092 - 1102. Give r(j).
-24
Let t(r) = 7*r**2 - 16*r - 20. Let l(s) = 2*s**2 - 5*s - 6. Let p(n) = -10*l(n) + 3*t(n). Determine p(5).
35
Suppose 5*f = f - 4, -3*p - 5*f = -13. Let q(d) = -d + 12. Determine q(p).
6
Let h(q) = -q**2 - 3*q + 6. Suppose 3*y - 5*k + 11 = -15, 4*y + 4*k + 24 = 0. Determine h(y).
-22
Let l(p) = -p**2 + 2*p + 4. Let i be (-7)/21*1/(-1)*9. Determine l(i).
1
Suppose 6 = 6*l - 9*l. Let c be 24/(-42) + (-162)/(-14). Let t(r) = 5*r + c + 0*r - 9. Give t(l).
-8
Let h(s) be the third derivative of -18*s**2 - 5/24*s**4 + 0*s + 5/6*s**3 + 0 + 1/60*s**5. Suppose -l + 4*l - 15 = 0. Calculate h(l).
5
Let p(k) = k**2 - k**3 - 1 + 2*k**2 + 2*k - k**2. Let t = -26 + 42. Let l(s) = -2*s + 35. Let z be l(t). Give p(z).
-4
Let u be 3*(-56)/(-98)*7/(-6). Let d(j) = 7*j**2 + 5*j + 5. What is d(u)?
23
Let d(y) = -7 + 4 - 2*y - 7*y - 1 - 13*y**2. Let n be -12*1*(-3)/6. Let t(w) = -7*w**2 - 5*w - 2. Let x(s) = n*d(s) - 11*t(s). Calculate x(3).
-8
Let c(b) = 5*b**2 - 2*b - 1. Let y = -75 - -78. Suppose 3 = y*d - 3*o, -12 = 5*d + 3*o - 1. Calculate c(d).
6
Let v be 2/5*(6 - (-28)/(-8)). Let g(s) = -5*s**2 - 1. Determine g(v).
-6
Let j(a) be the first derivative of 5*a**2/2 - 2*a - 11. Determine j(2).
8
Let j be (-16)/(-4) + (2 - 2). Let v be (-2)/((-1)/(22/j)). Suppose v - 4 = -z. Let p(o) = -o**2 - 5*o + 10. Give p(z).
-4
Let l(n) = -n**2 + 14 - 13 - 3230*n**3 + 3231*n**3. Let r = -4 - -7. Suppose 0 = 4*k - 4*j - 8, r*k + 0*j + 2*j + 9 = 0. Give l(k).
-1
Let y(o) be the first derivative of o**3/6 + o**2 - 15*o + 21. Let i(n) be the first derivative of y(n). Give i(-7).
-5
Let b be (-87)/(-27) - 1 - 2/9. Let a be (-3 + b)/(8/16). Let p(r) = -5*r + 2. Give p(a).
12
Let o = 23 - 29. Let y(x) = -x. Let z(j) = 5*j - 8. Let n(i) = o*y(i) - z(i). C